87?
8
What is the hundreds digit of 654265500?
5
What is the tens digit of 4837504984?
8
What is the tens digit of 858594131?
3
What is the ten millions digit of 173933477?
7
What is the hundreds digit of 204670123?
1
What is the thousands digit of 858280325?
0
What is the ten millions digit of 28129341?
2
What is the millions digit of 233765600?
3
What is the tens digit of 1643746453?
5
What is the hundred millions digit of 5100750452?
1
What is the millions digit of 70385965?
0
What is the hundred thousands digit of 196431317?
4
What is the tens digit of 13561883?
8
What is the millions digit of 46766598?
6
What is the hundreds digit of 2051362592?
5
What is the tens digit of 33956614?
1
What is the ten millions digit of 23472298?
2
What is the units digit of 183847654?
4
What is the hundreds digit of 150713700?
7
What is the hundred thousands digit of 35549875?
5
What is the millions digit of 2542652418?
2
What is the hundred thousands digit of 188914349?
9
What is the ten thousands digit of 801218380?
1
What is the hundred thousands digit of 455819753?
8
What is the hundred millions digit of 732823074?
7
What is the ten thousands digit of 1884857210?
5
What is the hundred thousands digit of 1023006033?
0
What is the hundred millions digit of 4077675428?
0
What is the hundreds digit of 913008?
0
What is the ten millions digit of 162739143?
6
What is the hundreds digit of 5173738969?
9
What is the units digit of 1999736732?
2
What is the hundreds digit of 370503445?
4
What is the units digit of 29020170?
0
What is the millions digit of 54459068?
4
What is the hundred millions digit of 1242998723?
2
What is the ten thousands digit of 764289241?
8
What is the ten thousands digit of 352477849?
7
What is the ten thousands digit of 37934947?
3
What is the thousands digit of 3261418936?
8
What is the tens digit of 6305931271?
7
What is the ten millions digit of 88378453?
8
What is the ten thousands digit of 3666146141?
4
What is the millions digit of 103615610?
3
What is the millions digit of 88469164?
8
What is the thousands digit of 1525450368?
0
What is the ten millions digit of 84913347?
8
What is the hundred thousands digit of 264885048?
8
What is the hundred thousands digit of 31236043?
2
What is the ten thousands digit of 672583293?
8
What is the tens digit of 1810889797?
9
What is the units digit of 6214627774?
4
What is the billions digit of 1315063898?
1
What is the hundreds digit of 2249363871?
8
What is the millions digit of 23137758?
3
What is the thousands digit of 714283415?
3
What is the thousands digit of 738518803?
8
What is the ten thousands digit of 5193146167?
4
What is the ten thousands digit of 677993011?
9
What is the hundred thousands digit of 3329533656?
5
What is the ten thousands digit of 518791799?
9
What is the units digit of 700330899?
9
What is the tens digit of 51395535?
3
What is the millions digit of 226767848?
6
What is the hundred thousands digit of 423610729?
6
What is the units digit of 6736159595?
5
What is the ten thousands digit of 6718564624?
6
What is the thousands digit of 38198251?
8
What is the hundreds digit of 2321540771?
7
What is the tens digit of 331298087?
8
What is the hundred millions digit of 1107237350?
1
What is the ten thousands digit of 18467070?
6
What is the thousands digit of 1918754780?
4
What is the ten thousands digit of 1802441772?
4
What is the hundred millions digit of 296387109?
2
What is the units digit of 462170560?
0
What is the millions digit of 148898878?
8
What is the ten millions digit of 73432841?
7
What is the tens digit of 394898987?
8
What is the millions digit of 37237799?
7
What is the units digit of 168586820?
0
What is the thousands digit of 38745072?
5
What is the hundreds digit of 286870765?
7
What is the millions digit of 27549071?
7
What is the ten thousands digit of 23571574?
7
What is the ten millions digit of 4090431073?
9
What is the thousands digit of 479217973?
7
What is the ten millions digit of 46105296?
4
What is the ten thousands digit of 48468162?
6
What is the hundreds digit of 738213353?
3
What is the ten millions digit of 5285518878?
8
What is the hundreds digit of 1367870124?
1
What is the tens digit of 191324245?
4
What is the ten millions digit of 429872471?
2
What is the tens digit of 124574414?
1
What is the ten thousands digit of 123726688?
2
What is the millions digit of 1118292734?
8
What is the hundreds digit of 1893522927?
9
What is the millions digit of 32790739?
2
What is the millions digit of 135035832?
5
What is the thousands digit of 29214650?
4
What is the tens digit of 91120583?
8
What is the tens digit of 521702431?
3
What is the hundred millions digit of 237955089?
2
What is the hundred thousands digit of 118027437?
0
What is the ten thousands digit of 3945269313?
6
What is the ten thousands digit of 646526078?
2
What is the tens digit of 269921168?
6
What is the ten millions digit of 12873047?
1
What is the hundred thousands digit of 97174776?
1
What is the hundred millions digit of 6336158295?
3
What is the tens digit of 208681620?
2
What is the units digit of 22089457?
7
What is the ten millions digit of 347696660?
4
What is the millions digit of 64759402?
4
What is the thousands digit of 68585709?
5
What is the thousands digit of 393587809?
7
What is the thousands digit of 2111233853?
3
What is the thousands digit of 1524858433?
8
What is the units digit of 405780844?
4
What is the units digit of 66841773?
3
What is the ten thousands digit of 304002737?
0
What is the hundreds digit of 1023647551?
5
What is the units digit of 4344531148?
8
What is the ten millions digit of 1123488190?
2
What is the ten millions digit of 57400475?
5
What is the tens digit of 432669480?
8
What is the millions digit of 1186205308?
6
What is the hundreds digit of 2527448641?
6
What is the units digit of 292843487?
7
What is the billions digit of 1918406747?
1
What is the ten thousands digit of 73899167?
9
What is the hundred thousands digit of 1174561385?
5
What is the units digit of 1843501790?
0
What is the thousands digit of 75206145?
6
What is the thousands digit of 1068338748?
8
What is the thousands digit of 21001832?
1
What is the billions digit of 2074295940?
2
What is the tens digit of 38088031?
3
What is the units digit of 116821338?
8
What is the millions digit of 937991775?
7
What is the ten millions digit of 16193365?
1
What is the millions digit of 592932658?
2
What is the ten thousands digit of 464011538?
1
What is the ten thousands digit of 505241707?
4
What is the ten millions digit of 2682308829?
8
What is the ten millions digit of 54401071?
5
What is the ten thousands digit of 159526997?
2
What is the hundred thousands digit of 44086551?
0
What is the units digit of 123418960?
0
What is the thousands digit of 108894903?
4
What is the units digit of 108863490?
0
What is the units digit of 30994426?
6
What is the hundred thousands digit of 215834750?
8
What is the hundred millions digit of 200114819?
2
What is the thousands digit of 95682910?
2
What is the millions digit of 41616251?
1
What is the millions digit of 339598652?
9
What is the ten millions digit of 67549145?
6
What is the hundred millions digit of 1046936409?
0
What is the ten millions digit of 943526984?
4
What is the units digit of 1834781518?
8
What is the hundred thousands digit of 37531275?
5
What is the tens digit of 497604307?
0
What is the hundred thousands digit of 219944735?
9
What is the ten millions digit of 3459968311?
5
What is the ten millions digit of 429623623?
2
What is the hundred millions digit of 2015519163?
0
What is the hundred thousands digit of 129462592?
4
What is the ten millions digit of 21617085?
2
What is the ten thousands digit of 2424270439?
7
What is the thousands digit of 278150519?
0
What is the hundreds digit of 7296340?
3
What is the millions digit of 22555851?
2
What is the hundred thousands digit of 393113598?
1
What is the hundred thousands digit of 20108511?
1
What is the millions digit of 615840746?
5
What is the hundred millions digit of 112936427?
1
What is the thousands digit of 45325102?
5
What is the thousands digit of 521072621?
2
What is the millions digit of 523808862?
3
What is the hundred thousands digit of 26